 u. List the prime factors of f.
2, 3, 5, 29
Let p(b) = -b - b + 1 + 3*b. Let x be (-2)/(0 - 11/22). What are the prime factors of p(x)?
5
Suppose -9*q - 3*q = -60. Suppose 440 = 5*u - q*n - 565, -3*n + 591 = 3*u. What are the prime factors of u?
199
Suppose -w - 3*y = -399, -2*w - 1925 = -7*w - y. Suppose 10*x - 346 - w = 0. What are the prime factors of x?
73
Suppose 41*r - 335 = 36*r. Let n = r - 4. What are the prime factors of n?
3, 7
Let l(z) = 6*z**2 - 29*z + 57. Let q be l(30). Suppose 0 = 5*a + 4*w - q, -4*a + 7*w + 3686 = 2*w. What are the prime factors of a?
919
Let i(w) = 3*w + 14. Let l be i(0). List the prime factors of l/4*(-560)/(-98).
2, 5
List the prime factors of 2/10 - ((-1601290)/(-200))/((-9)/36).
2, 67, 239
Let s = -1831 + 1847. Let n(p) = -18 + 6*p - 30 + 17. List the prime factors of n(s).
5, 13
Suppose 54*u + 375826 - 961621 - 1280391 = 0. What are the prime factors of u?
7, 4937
Let n(p) = -10*p - 11 - 16*p + 7*p**2 - 4 + 0 - 4*p**2. What are the prime factors of n(-10)?
5, 109
Let h(o) = -472*o - 7. Suppose -3 = 11*m + 8. List the prime factors of h(m).
3, 5, 31
Suppose -8*k + 106229 = -5*t + 24393, 2*k - t - 20460 = 0. List the prime factors of k.
2, 1279
Suppose z - 2*j = 18, -4*z + 4*j + 89 = 13. Suppose -z*u - 73 = -5*y - 21*u, y - 4*u - 2 = 0. What are the prime factors of y?
2, 7
Suppose -5*o = -3*o - 5*x - 2188, 4*x = 16. Suppose -o = 46*v - 52*v. List the prime factors of v.
2, 23
Suppose -6*i + 873 = 3*i. Let r = i - 70. Suppose -30*w = -r*w - 114. What are the prime factors of w?
2, 19
What are the prime factors of 42/(-126) - (-31352)/6?
5, 11, 19
Let x = 35348 - 15431. Suppose 59*r - 120335 = -x. List the prime factors of r.
2, 23, 37
Let s(m) = 5*m**2 + 13*m - 1. Let r be s(-3). Suppose 4*t - 28 = y, 4*t - 9*y = -r*y + 16. Suppose 956 = -t*f + 12*f. What are the prime factors of f?
239
Let l = 42 - 40. Suppose l*x = 4*q - 0*x - 16, -4*x = 0. Suppose 0 = 2*f - z - 126, -2*f - 5*z + 134 = -q*z. What are the prime factors of f?
5, 13
Suppose -29*u + 23*u = -12. Suppose u*t + 4*b = b + 1616, 1616 = 2*t + 5*b. List the prime factors of t.
2, 101
Suppose o = 5*o - 812. Let t be -10 + 20 - 105/15. Suppose 0 = 5*s - c - o - 282, 0 = t*s - 5*c - 291. What are the prime factors of s?
97
Let t(a) = 170*a**2 + 70*a + 104. List the prime factors of t(-6).
2, 1451
Suppose -4*m + h - 4214 = 0, 1333 = -2*m - 5*h - 785. Let s = -644 - m. What are the prime factors of s?
2, 5, 41
Suppose -234*n + 231*n = -b - 14229, 4*n + 2*b - 18952 = 0. What are the prime factors of n?
11, 431
Let k(h) = h**3 + 2*h**2 + 11*h + 13. Let m be k(-9). Let u = 1373 + m. What are the prime factors of u?
2, 3, 5
What are the prime factors of (-30)/(-18)*186747/55?
5659
Suppose -4*l - 42 = -2*w, 0 = 2*w - 6*w + l + 84. Let z(t) = -t**2 + 21*t + 2. Let v be z(w). Suppose 0 = -v*r + 64 + 42. List the prime factors of r.
53
Let o = 41 - 21. Suppose 4*b = q - o - 6, 59 = 2*q - b. Let f = q - 6. List the prime factors of f.
2, 3
Let g(x) = -x**3 + 11*x**2 - 13*x + 15. Let d be (-158)/(-13) + (-120)/(-65) + -2. Let l = 20 - d. List the prime factors of g(l).
103
Suppose 5*p + 4*q - 104 = 0, -3*q + 79 = 4*p - 5. Suppose -p*n = -4*n - 1640. What are the prime factors of n?
2, 41
Suppose -127282 = -332*q - 0*q + 197414. List the prime factors of q.
2, 3, 163
Let h(r) be the first derivative of r**5/60 + 7*r**4/24 - 2*r**3 - 5*r**2 - 13. Let i(s) be the second derivative of h(s). What are the prime factors of i(-10)?
2, 3
Let s = -822 + 870. What are the prime factors of ((-2301)/(-8) - 5) + 18/s?
283
Let c be (234/(-130))/((-6)/170). Suppose 88 = -2*p - 2*p. Let u = c + p. What are the prime factors of u?
29
What are the prime factors of (-2935)/(-3) - 9/(297/44)?
977
Let j be 10/2 - (-3655 - -10). Suppose 0 = -26*w + 21*w + j. What are the prime factors of w?
2, 5, 73
Let z(n) = -41*n**2 - 27*n - 142. Let d be z(-6). Let s = -672 - d. What are the prime factors of s?
2, 7
Let b = 106487 + -41882. What are the prime factors of b?
3, 5, 59, 73
Suppose -1755 = -3*c - 6*c. List the prime factors of (c + 16)/(-3*(-2)/12).
2, 211
Let h(f) be the third derivative of -f**6/120 + f**5/20 - f**4/12 - f**3/6 - 12*f**2. Let k be h(2). What are the prime factors of 88 - -3*(k + 2)?
7, 13
List the prime factors of ((-52)/13 - -24200) + (0 + 4)*-2.
2, 6047
What are the prime factors of ((-2)/1 + 51168)/(44/66)?
3, 25583
Suppose 3*k = -4*m + 92290, -42*k = -3*m - 44*k + 69219. What are the prime factors of m?
47, 491
Let r(w) = -139*w**2 - 3*w - 24. Let m be r(-5). Let s = 4949 + m. List the prime factors of s.
5, 293
Suppose -6*h + 3 = 3*t - 9*h, 5*t + 2*h = 12. Suppose 9*a = 6*a + t*x + 89, 41 = 2*a - 5*x. What are the prime factors of a?
3, 11
Suppose -7*b - 486 = 11008. Let p = 2778 + b. List the prime factors of p.
2, 71
Suppose -84 = -4*p + 32. Let c = p - -428. Let r = c + -303. What are the prime factors of r?
2, 7, 11
Let s = 27765 + -14139. What are the prime factors of s?
2, 3, 757
Let d be (-6 + 203/35)*-15. Suppose -d*t + 3405 = 4*z, -2*z + 1710 = 3*t - 1695. List the prime factors of t.
5, 227
Suppose -6*d + 78 = -258. Suppose 0 = -0*x - 4*x - 5*l + d, -l + 40 = 4*x. List the prime factors of -2*(3 + -2)*(0 - x).
2, 3
What are the prime factors of (-13308)/(2 + -4) + (4 - 4) + -2?
2, 1663
Suppose 4*l - 300 = 5*s, -2*s - 120 = 5*l - 3*l. Let i = s - 13. Let p = i + 76. List the prime factors of p.
3
Let p be 2/12 + (-1074)/(-36). Suppose -p*y + 10370 = -13*y. List the prime factors of y.
2, 5, 61
Let l(g) = g**3 - 22*g**2 - 74*g + 10. Let v(c) = 6*c**2 + 1. Let w be v(2). List the prime factors of l(w).
5, 7
Suppose -4*o - 3*c + 656 = 0, 196 + 271 = 3*o - 4*c. Suppose -10*m + 13099 = -o. List the prime factors of m.
2, 3, 13, 17
Suppose n + 38 - 4 = 0. Let t = n - -38. Suppose t + 27 = b. What are the prime factors of b?
31
Suppose 1293763 - 99366 + 2303831 = 108*m. List the prime factors of m.
3, 59, 61
Suppose 0*x = -4*x - 3*v + 1394, -1392 = -4*x - 4*v. Let y = -309 + x. What are the prime factors of y?
41
Suppose 0 = -k - 5*b + 20018, 19 = -3*b + 16. What are the prime factors of k?
20023
Suppose 8 = 3*t - 1. Suppose 0 = 5*s - 5*z - 15, -2*s + z + 6 = 1. Suppose -f - 27 = -p, 7*p - t*p + s*f = 108. What are the prime factors of p?
3
Let u(m) = -m**3 + 8*m**2 - m + 14. Let v be u(8). Let p(i) = -108*i - 12. Let n be p(v). What are the prime factors of ((-32)/(-10))/((-12)/n)?
2, 11
List the prime factors of (10/(-6) - -2)/(27098030/1178175 + -23).
5, 23, 683
Suppose -8*v = -10*v - 8, 0 = -2*u - 5*v - 10. What are the prime factors of 359 - (-2 + (5 - u))?
19
Suppose -7*x + 908 = -5*x + 4*z, 0 = -4*x - 2*z + 1846. Suppose 1328 = 6*u + x. What are the prime factors of u?
2, 3
Let h = -69 + 71. Suppose -3*y + 4 = -2*y, -2*f + h*y = 28. What are the prime factors of 70*(-25)/f + 2?
3, 59
Let f = 440 + -249. Suppose 4*n = -n - 4*d - 435, 2*n = -5*d - f. Let j = 156 + n. List the prime factors of j.
73
Let n = -7573 + 8599. What are the prime factors of n?
2, 3, 19
Suppose 0 = 21*z - 4*z + 16031. Let c = 1838 + z. List the prime factors of c.
5, 179
What are the prime factors of -2*2023/(-68)*146?
7, 17, 73
Let j(o) = 718*o + 270. What are the prime factors of j(9)?
2, 3, 11, 17
Let f(k) = -k**2 - 22*k. Let c be f(-19). Let x = 24 - c. Let t = -31 - x. List the prime factors of t.
2
Let h = 39 + -131. Let n = 94 + h. Suppose 59 = f - 0*y + n*y, 5*y + 171 = 4*f. List the prime factors of f.
7
Let y = 14 - 10. Let f be 3 + 0 + -4 + y/2. List the prime factors of -2*(f - 52/8) + 0.
11
Let c(g) = 3*g**2 - 77*g + 94. List the prime factors of c(41).
2, 3, 5, 11
Suppose 0 = -3*n - 2*v + 31209, 23*n = 22*n + 3*v + 10381. List the prime factors of n.
10399
Let b(x) = 17 + 9 - 6 - 3*x. Let a be b(5). Suppose a*o - 40 = 3*o. List the prime factors of o.
2, 5
List the prime factors of 72344*1/(-14)*42/(-12).
2, 9043
Let d(g) = -111*g - 26. Let v be d(-7). Suppose l = 2040 - v. What are the prime factors of l?
1289
Let f(v) = 45*v + 1127. List the prime factors of f(35).
2, 7, 193
List the prime factors of (1848/(-126))/(4/(-3360)).
2, 5, 7, 11
Suppose -21*q + 67 = 4. Suppose 0 = -q*f - 2*g + 275, f = 3*g + 113 - 14. List the prime factors of f.
3, 31
What are the 